 + 1 - (3 - 0)?
6
Let j(o) = -o**3 - 11*o**2 - 10*o. Let a be j(-10). Suppose 4*k + k - n = -115, -2*k - 5*n - 19 = a. Let b = 48 + k. What is the tens digit of b?
2
Let s(t) be the first derivative of -t**2/2 - 5*t - 5. Let p be s(-9). Suppose p*z - 20 - 228 = 4*r, 3*r = 0. What is the units digit of z?
2
Let v(f) = -f - 1. Let p be v(3). Let g(m) = 3*m**2 - 6*m + 8. What is the units digit of g(p)?
0
Suppose 21 = 4*x - 139. Suppose 2*l - 2*d = -4, -2*l - 14 + x = 4*d. Suppose -l*y + 12 = y. What is the units digit of y?
3
Suppose k - 3*j = 2*k - 3951, -k + 2*j = -3956. What is the units digit of k?
4
Suppose 4*a - 4*q = -9*q + 99, -2*a - 4*q + 54 = 0. Suppose 362 = a*k - 19*k. What is the units digit of k?
1
Suppose -2*i - 571 = -4*i + 5*w, -4*i + 4*w + 1136 = 0. What is the units digit of i?
3
Suppose 3*i = -4*n + 45, -4*i = 3*n - 2*i - 35. What is the units digit of n?
5
Let b(w) = w - 1. Let r be b(3). Suppose -r*o = -5*o + 27. Let q = 15 - o. What is the units digit of q?
6
What is the units digit of 929 + 665/(-140) + (-1)/4?
4
Suppose -34*p = -33*p - 524. Suppose 4*z - l + 80 = p, -4*z + 444 = 4*l. What is the tens digit of z?
1
Let o(l) = 40*l**2 - 42*l + 324. What is the thousands digit of o(8)?
2
What is the hundreds digit of 607 + (-16)/20*-5?
6
Suppose 36*x + 6036 = 15180. What is the hundreds digit of x?
2
Let l(k) = 71*k - 34. What is the tens digit of l(5)?
2
Suppose 4*j = -0*j - 4. Let x be -1 + 5 + j + 3. What is the tens digit of (-2)/x*(-318)/2?
5
Let y(b) = 2*b**2 + 54*b + 1. What is the units digit of y(7)?
7
Suppose 2*x - 479 = -4*j + 37, 5*x + 3*j = 1311. Suppose 2*d = 4*d - x. What is the hundreds digit of d?
1
Let u(x) = -14*x**3 + 5*x**2 - 24*x - 21. What is the hundreds digit of u(-6)?
3
Suppose 0 = k - 2*q + 7, 5*k = -2*q + 3 + 22. Suppose -4*t - 21 = -k*l + 16, 4*l = 4*t + 44. Let w(g) = 5*g + 9. What is the tens digit of w(l)?
4
Suppose 23 = -8*x + 23. Let a(v) = -v**2 - 3*v - 3. Let w(y) = y + 1. Let m(p) = a(p) + 5*w(p). What is the units digit of m(x)?
2
Let m = 210 + -112. Suppose m = o - 5*q + 22, -o + q = -92. What is the tens digit of o?
9
Let o(u) = 75*u + 10. Let z be o(8). Suppose -z = -8*q + 3*q. What is the tens digit of q/4 + (-2)/4?
3
Let w = 286 - 123. What is the hundreds digit of w?
1
Let g(q) = 141*q**2 - 11*q - 27. What is the hundreds digit of g(-2)?
5
Let q(x) = x**2 + 10*x - 7. Let k be q(-10). Let d = -5 - k. What is the units digit of 1/(-2) - (-33)/d?
6
Let q(i) = i**3 - 5*i**2 - 6*i + 13. Let h(d) = -d**2 - 11*d + 6. Let a be h(-11). What is the units digit of q(a)?
3
Suppose 2 - 38 = -2*t. Let h = 45 - t. Suppose -h = -4*x + 29. What is the units digit of x?
4
Let b be (-2 + 102/(-9))*9. Let d = b + 186. Suppose -10*s + 8*s + d = 0. What is the units digit of s?
3
Suppose -4*p = 2*k - 16, 2*p = 2*k + 25 - 65. What is the tens digit of k?
1
Let j(y) = y**2 + y + 1. Let u(v) = -v + 3. Let t be u(-1). What is the units digit of j(t)?
1
Suppose 0 = -4*d + s + 4145, -27*d + 2*s - 4130 = -31*d. What is the thousands digit of d?
1
Let h(g) = 4*g**3 - 25*g**2 + 16*g - 38. What is the hundreds digit of h(12)?
4
Let d(a) = -a**2 + a + 38. Let p be d(0). Suppose p = i - 53. What is the units digit of i?
1
Suppose 15 = -3*y, 4*k + 0*k = 3*y - 13. What is the hundreds digit of (-2)/k + 2577/21?
1
Let k = -2 + 2. Let f be (1 - (-12)/4) + 1. Suppose x = m + 4*m - 85, f*m - 3*x - 95 = k. What is the units digit of m?
6
Let g = -92 - -81. Let d(b) = -10*b - 14. What is the tens digit of d(g)?
9
Suppose -5*y + 4*y = -636. Let z = -453 + y. What is the units digit of z?
3
Let z = 3647 + -2816. What is the units digit of z?
1
Suppose 3*s - 3132 = -5*p + 2300, -4*s + 7281 = -p. What is the tens digit of s?
1
Suppose 4*q + 5*s + 308 = 2*q, -2*s = 0. Let h = 347 + q. What is the units digit of h?
3
Let m = -3518 - -7640. What is the hundreds digit of m?
1
Suppose 36 - 29 = z. Let s be 23/z + 30/(-105). Suppose 4*n = -4*f + 96, -4*n - n + s*f + 120 = 0. What is the tens digit of n?
2
Let q(y) = y**3 - 7*y**2 + 18*y - 6. Let m be q(8). What is the hundreds digit of (5 + 7/(-2))*m/3?
1
Suppose 0 = o - r + 2*r - 6, -o = 3*r - 12. Suppose 2*c - 107 = 5*a, -o*a + 224 + 28 = 5*c. What is the units digit of c?
1
Suppose r - 50 = y, 3*r - 250 = 5*y + 4*r. Let t = -87 - y. Let m = -8 - t. What is the tens digit of m?
2
Let g(i) = -i**3 + i**2 - 1. Let u(q) = -6*q**2 - 6*q + 3. Let t(k) = g(k) + u(k). Let c be t(-5). Suppose 5*w - 9*w = -c. What is the units digit of w?
8
Suppose 2*i + j = 1 + 19, 3*i + 4*j = 35. Suppose i + 18 = -2*r + 3*g, -5*r - 58 = 2*g. What is the units digit of r/8*(-4 - 0)?
6
Suppose 3*s = 10*s - 5404. Suppose -s = -2*c - 2*c. What is the tens digit of c?
9
Suppose 5*x = -2*d - 1, -d + 0 = 3*x + 1. What is the units digit of 47 + (d - (-5 + 4))?
0
Let f(t) = t**2 - 3*t. Let j be f(6). Let m be (-2)/10 - 438/(-15). Let q = m - j. What is the tens digit of q?
1
Let x(q) = 220*q**2 - 2*q. Let b be x(2). Suppose -14*t + b = -11*t. What is the units digit of t?
2
Suppose -3*l - 252 = -4*h - l, -85 = -h - 5*l. Let o be h/10 - 1/2. What is the units digit of 1 + -1 - o/(-3)?
2
Suppose 12 = 2*m + 4. Let g be (-1 + 1)/3*-1. Suppose 4*f - m*d + 9*d - 57 = g, d + 11 = 2*f. What is the units digit of f?
8
Let q = 211 - -3. Suppose 5*a - 3*d - 500 = -0*a, -2*a + 4*d + q = 0. What is the units digit of a?
7
Suppose 0 = -5*s + h - 55, -3*h + 20 = h. What is the tens digit of ((-132)/(-10))/((-4)/s)?
3
Let q(p) = 6*p + 49. Let t be q(-8). Suppose -j - t = 1, -2*j + 135 = v. What is the tens digit of v?
3
Let q(c) = 216*c - 7. What is the hundreds digit of q(3)?
6
Let q = 984 + -634. What is the units digit of q?
0
Let w be 1 + (2 - 3) + 0. Suppose -p = 2*l + 2*p - 13, w = -5*l - 4*p + 29. Suppose -3*d - l = -86. What is the tens digit of d?
2
Suppose -2*l + 2*r + 2*r = 24, 5*r = 5*l + 35. What is the hundreds digit of (100/175)/(l/(-413))?
1
Suppose w = 4*r - 3*w - 12, 3*w = 0. Suppose 0*d + r*d = 3*v + 48, -4*d - 2*v = -46. Let f = d - -14. What is the tens digit of f?
2
Let g = 4 - 7. Let z be (58/g)/(32/(-48)). Suppose 4*s - 59 = z. What is the tens digit of s?
2
Let f(y) = -y**3 + 6*y**2 + 9*y + 2. Let p be f(7). Suppose 0 = -0*g + 4*g - p, 0 = 3*l + 2*g - 224. Suppose -6*t - l = -8*t. What is the units digit of t?
6
Suppose -s + 879 = 5*j + 239, -j = 2*s - 137. What is the hundreds digit of j?
1
Suppose d = 5 - 17. Let a be d/3 - (-2 - 38). What is the tens digit of a/(-8)*(-26)/3?
3
Let s(k) = 36*k**2 - 2*k - 3. What is the hundreds digit of s(-2)?
1
Suppose -4*d + 20 = 0, -3*w - 2*d - 4 = -7*d. Suppose w*v - 196 = -0*v. What is the units digit of v?
8
Let t(f) = 0 + 1 + 10*f - 5 + 7*f. What is the units digit of t(2)?
0
Let r = -8 + 12. Suppose -r*c + 6*c - 62 = 0. Suppose -5*m = 2*d - 5*d - 5, 3*d - c = -4*m. What is the units digit of m?
4
Let c be (3/5)/(1/20). Let w be (1/(-1))/((-3)/c). Suppose w*x - 100 = -x. What is the tens digit of x?
2
What is the units digit of (93/(-9))/(22/(-66))?
1
Let n = 181 + -106. Suppose 0 = -2*w + 4*w - 10. Suppose -n = -w*d - 25. What is the tens digit of d?
1
Let g = -55 - -111. Suppose -4*s + g = -0*s. Suppose -s = -5*d + 11, -3*v + 5*d + 71 = 0. What is the units digit of v?
2
Let w(l) = l**3 - l**2 - l + 28. Let y be w(0). Let p = y + 15. What is the units digit of p?
3
Suppose 9291 = 3*g - 4*s, 4*g - 15499 = -g + 2*s. What is the tens digit of g?
0
Let l be 3 - (1 - (3 - 5)). Suppose l = -u + 6*u - 10. What is the units digit of 0 + (7 - u - 2)?
3
Let n(u) = 2*u**2 + 3*u - 3. Let m be n(2). Let y(c) = -4 + 8*c**2 + 2*c**2 + c**3 - 2*c**2 + 3 - m*c. What is the units digit of y(-9)?
7
Let u(f) = 10*f**3 - 17*f**2 + 3*f + 6. What is the hundreds digit of u(4)?
3
What is the units digit of 2/(2 - 651/329)?
4
Let o = -96 - -141. Let j = o - -12. What is the units digit of j?
7
Suppose -28*c - 15*c = -67080. What is the hundreds digit of c?
5
Let z(f) = f**2 + 3*f + 1. Let i be z(-3). Let n = 1 - i. Suppose -4*b = -n*b - 100. What is the units digit of b?
5
Let w = -2813 + 2890. What is the tens digit of w?
7
Suppose -5*k = 0, -4*k + 123 - 819 = -3*o. What is the units digit of o?
2
Let b(k) = k**2 + 9*k + 1. Let s be b(-6). Let m = -28 - s. Let o = 36 + m. What